der when 6122 is divided by 6101.
21
What is the remainder when 4634 is divided by 309?
308
Calculate the remainder when 585 is divided by 36.
9
What is the remainder when 91129 is divided by 111?
109
Calculate the remainder when 629 is divided by 339.
290
What is the remainder when 174184 is divided by 120?
64
Calculate the remainder when 67320 is divided by 1270.
10
What is the remainder when 2438 is divided by 594?
62
What is the remainder when 64006 is divided by 121?
118
Calculate the remainder when 3436005 is divided by 34.
33
Calculate the remainder when 26984879 is divided by 15.
14
Calculate the remainder when 85 is divided by 28.
1
Calculate the remainder when 3011 is divided by 198.
41
What is the remainder when 7101 is divided by 67?
66
Calculate the remainder when 913 is divided by 525.
388
What is the remainder when 175 is divided by 79?
17
Calculate the remainder when 735181 is divided by 183793.
9
Calculate the remainder when 237136 is divided by 22.
20
Calculate the remainder when 240304 is divided by 22.
20
Calculate the remainder when 1165 is divided by 82.
17
What is the remainder when 13761 is divided by 65?
46
Calculate the remainder when 28813 is divided by 2213.
44
Calculate the remainder when 1388 is divided by 828.
560
What is the remainder when 3419 is divided by 1700?
19
Calculate the remainder when 146385 is divided by 437.
427
Calculate the remainder when 128099 is divided by 427.
426
Calculate the remainder when 528 is divided by 148.
84
Calculate the remainder when 1849 is divided by 608.
25
What is the remainder when 503269 is divided by 10?
9
What is the remainder when 20288 is divided by 48?
32
What is the remainder when 14440 is divided by 3604?
24
Calculate the remainder when 7906 is divided by 55.
41
Calculate the remainder when 5560 is divided by 101.
5
What is the remainder when 7190 is divided by 73?
36
What is the remainder when 676266 is divided by 4?
2
What is the remainder when 3773 is divided by 9?
2
What is the remainder when 77708 is divided by 24?
20
Calculate the remainder when 11687 is divided by 1326.
1079
What is the remainder when 1657 is divided by 89?
55
Calculate the remainder when 52792 is divided by 3293.
104
Calculate the remainder when 10051 is divided by 206.
163
Calculate the remainder when 23548 is divided by 14.
0
Calculate the remainder when 12230 is divided by 815.
5
What is the remainder when 26094 is divided by 17?
16
What is the remainder when 2447395 is divided by 25?
20
Calculate the remainder when 16148 is divided by 113.
102
Calculate the remainder when 44572 is divided by 138.
136
Calculate the remainder when 14689 is divided by 2099.
2095
What is the remainder when 152393 is divided by 11?
10
What is the remainder when 574767 is divided by 34?
31
Calculate the remainder when 524558 is divided by 262276.
6
Calculate the remainder when 175624 is divided by 25086.
22
Calculate the remainder when 47236 is divided by 9422.
126
What is the remainder when 342 is divided by 105?
27
What is the remainder when 10072 is divided by 256?
88
What is the remainder when 21106 is divided by 223?
144
What is the remainder when 483 is divided by 115?
23
Calculate the remainder when 1882 is divided by 884.
114
What is the remainder when 77219 is divided by 6?
5
What is the remainder when 799 is divided by 580?
219
Calculate the remainder when 3929 is divided by 641.
83
What is the remainder when 1791 is divided by 596?
3
What is the remainder when 5389 is divided by 224?
13
Calculate the remainder when 657 is divided by 549.
108
Calculate the remainder when 3660 is divided by 594.
96
Calculate the remainder when 613815 is divided by 613810.
5
What is the remainder when 31679 is divided by 223?
13
Calculate the remainder when 33567 is divided by 702.
573
Calculate the remainder when 5158530 is divided by 188.
186
Calculate the remainder when 8869 is divided by 523.
501
Calculate the remainder when 1707705 is divided by 606.
603
Calculate the remainder when 5354 is divided by 114.
110
Calculate the remainder when 6484 is divided by 6473.
11
What is the remainder when 123694 is divided by 123693?
1
What is the remainder when 17029 is divided by 650?
129
Calculate the remainder when 748081 is divided by 144.
1
What is the remainder when 1237 is divided by 685?
552
Calculate the remainder when 1054060 is divided by 62.
60
What is the remainder when 40532 is divided by 177?
176
What is the remainder when 10596 is divided by 1319?
44
Calculate the remainder when 38121 is divided by 19039.
43
What is the remainder when 1091 is divided by 261?
47
Calculate the remainder when 56107 is divided by 26.
25
What is the remainder when 246086 is divided by 1538?
6
Calculate the remainder when 10044 is divided by 7.
6
What is the remainder when 71386 is divided by 751?
41
What is the remainder when 13719 is divided by 28?
27
Calculate the remainder when 1859 is divided by 1836.
23
Calculate the remainder when 19835 is divided by 91.
88
What is the remainder when 559881 is divided by 7465?
6
What is the remainder when 6522 is divided by 1857?
951
Calculate the remainder when 18967 is divided by 65.
52
What is the remainder when 10575 is divided by 54?
45
Calculate the remainder when 73542 is divided by 50.
42
What is the remainder when 8860 is divided by 1116?
1048
Calculate the remainder when 1862 is divided by 257.
63
What is the remainder when 17738 is divided by 35?
28
Calculate the remainder when 12177 is divided by 156.
9
Calculate the remainder when 287818 is divided by 111.
106
What is the remainder when 419 is divided by 370?
49
What is the remainder when 17186 is divided by 2143?
42
What is the remainder when 161290 is divided by 504?
10
What is the remainder when 49048 is divided by 380?
28
What is the remainder when 2684 is divided by 172?
104
What is the remainder when 21903 is divided by 27?
6
Calculate the remainder when 17340 is divided by 423.
420
Calculate the remainder when 84795 is divided by 48.
27
What is the remainder when 2912 is divided by 2046?
866
Calculate the remainder when 9233 is divided by 1136.
145
Calculate the remainder when 3933 is divided by 973.
41
What is the remainder when 12178 is divided by 377?
114
Calculate the remainder when 2600 is divided by 9.
8
What is the remainder when 29479 is divided by 81?
76
Calculate the remainder when 20405 is divided by 1851.
44
Calculate the remainder when 560055 is divided by 269.
266
What is the remainder when 679284 is divided by 164?
160
What is the remainder when 8044 is divided by 173?
86
Calculate the remainder when 8929 is divided by 4453.
23
Calculate the remainder when 4579 is divided by 32.
3
What is the remainder when 7912 is divided by 80?
72
Calculate the remainder when 129739 is divided by 23.
19
What is the remainder when 673892 is divided by 29?
19
What is the remainder when 653 is divided by 6?
5
Calculate the remainder when 277275 is divided by 1333.
11
What is the remainder when 790 is divided by 333?
124
What is the remainder when 4154 is divided by 226?
86
What is the remainder when 4411 is divided by 550?
11
Calculate the remainder when 4103 is divided by 493.
159
Calculate the remainder when 32380 is divided by 65.
10
Calculate the remainder when 49759 is divided by 598.
125
Calculate the remainder when 7566 is divided by 100.
66
What is the remainder when 15163 is divided by 21?
1
What is the remainder when 1467 is divided by 91?
11
Calculate the remainder when 2394 is divided by 134.
116
What is the remainder when 1128 is divided by 87?
84
Calculate the remainder when 31302 is divided by 96.
6
Calculate the remainder when 616408 is divided by 761.
759
What is the remainder when 559469 is divided by 25430?
9
Calculate the remainder when 4053 is divided by 919.
377
Calculate the remainder when 12250 is divided by 322.
14
Calculate the remainder when 1686 is divided by 389.
130
What is the remainder when 3269 is divided by 414?
371
What is the remainder when 19752 is divided by 183?
171
What is the remainder when 342501 is divided by 2518?
53
What is the remainder when 7345 is divided by 121?
85
Calculate the remainder when 887 is divided by 269.
80
Calculate the remainder when 25407 is divided by 25251.
